.
9
7 + -14 + -21 - -16
-12
What is the value of 1 + (1 - 7) - (-22 - -6 - -22)?
-11
What is 24 - (-5 + 64 - 25)?
-10
What is the value of 12 - ((1 + -5 - 4) + (-4 - -8))?
16
-127 - -97 - ((0 - 4) + -6)
-20
What is the value of 42 + -47 + -3 + 10?
2
What is (-2 - -21) + (6 - 37)?
-12
What is the value of 10 + (354 - 347) + 2 + (-8 - 0)?
11
What is the value of -33 + 15 - (-3 - 25)?
10
Calculate -4 - (-2 - -14 - 26).
10
What is the value of 11 - 7 - (11 - (0 - -5))?
-2
What is the value of (-11 - ((-21 - -17) + 3)) + -1 + 2?
-9
Evaluate (2 - 13) + (-70 - -75).
-6
Evaluate 6 + -17 + (-4 - -3 - -6) + -3.
-9
What is the value of -40 + 33 + 45 + -21?
17
Evaluate -42 - (10 + 1 + -21 + 2).
-34
What is the value of 16 + (-39 - -32 - (-16 + 2))?
23
What is (-3 - (-11 + 8)) + 2?
2
-3 + -1 + 6 + 20 + -18
4
9 + (-2 - -1) + (-9 - -5)
4
(-13 - -25) + (-4 - 1 - -5 - -4)
16
(-12 - -2 - (-3 + 2 - 0)) + 2
-7
What is 388 + -369 - (6 + -3 - 6 - -4)?
18
What is the value of -4 + -15 + -23 + 26?
-16
What is the value of 19 - (((9 - 0) + -4 - -3) + -9)?
20
Evaluate 3081 + -3116 + 0 + -1 + 1.
-35
What is the value of -14 + 3 + (3 + -2 - 9) + 51?
32
-27 + 16 + (11 - 0)
0
17 + (-1 - -10 - -1 - 15)
12
What is the value of -110 + 87 - (-15 + 0)?
-8
Calculate -16 + 0 + 913 + -899.
-2
38 - ((3 - 13) + (8 - (-7 + -2)))
31
Calculate (-9 - (-5 + -4) - -6 - 9) + -3.
-6
What is -9 + 1 + 10 + 0 - -1?
3
Evaluate 7 - (0 - 0) - (19 + -12 - 2).
2
Calculate (30 - 94) + 18 - -30.
-16
Calculate 10 - ((-7 - -11) + (0 - 0)) - 4.
2
Evaluate 26 + (4 + -6 - (-2 - -1 - -5)).
20
(3 - -3) + (-1 - 4 - (-15 - -24))
-8
Evaluate -5 + 2 - (-3 - (7 + -13)).
-6
What is -17 + 23 + 2 + 9?
17
Calculate -8 + 15 + (-20 - (4 + -5)).
-12
-23 - -15 - (-33 - -19)
6
Calculate -5 + (-6 - -29) - (5 - -2 - 3).
14
Calculate -7 - (-26 + -1 - (15 + -24)) - 2.
9
Evaluate 3 - (3 + (-13 - (-3 - -6 - 3))).
13
-5 + (15 - 42 - -21)
-11
17 + (8 - (8 + -2))
19
33 + -42 + -4 + 1
-12
Calculate 39 - 44 - (-1 - 7) - 5.
-2
What is (7 - ((-16 + 7 - -18) + -2)) + -13?
-13
What is the value of -13 + 23 - 54 - -13?
-31
7 + -3 + (2 - 14 - -21)
13
What is 88 + -59 + -1 + (-17 - (-11 - -5))?
17
0 + 0 + -1 - (-123 + 121)
1
16 - (38 - (45 + -42))
-19
What is -20 + 8 + 3 + 7?
-2
-3 + 13 - (-16 + 19) - 6
1
What is the value of (-5 - 9) + 8 + -1 - -4?
-3
Calculate (-3 - (-24 + 14)) + 5.
12
What is (-5 - -11) + 4 + -10 - (-3 - -8)?
-5
-20 + 0 + -15 + 37
2
15 + 0 - -3 - ((-2 - -14) + -5)
11
What is the value of -2 - 12 - (38 - 27) - -12?
-13
Evaluate (2 + (-4 - -3) - 6) + (-90 - -92).
-3
Calculate -18 - (-16 - 22 - -8).
12
What is the value of -8 - (-6 + (7 - 4) - 5 - -4)?
-4
What is -9 + 10 + 5 - (-3 + 17)?
-8
Calculate (12 - 8 - -7) + -9.
2
What is the value of 3 - (-2 + -5 - -4 - 3)?
9
What is the value of 500 + -493 - (2 + -18)?
23
-2 - 7 - ((9 - 20) + (19 - 12))
-5
What is the value of (1 - -7) + (-23 + 9 - (-5 + -11))?
10
What is -8 - (6 - (27 + -12))?
1
Calculate 11 - 4 - (-13 - -1 - 5).
24
Calculate (-22 + 38 - 36) + 10.
-10
What is the value of 4 - (-9 + 3 - (-1 - 23))?
-14
What is the value of (0 - (16 - -3)) + (8 + -5 - -1)?
-15
9 - 14 - -8 - -8 - 8
3
What is (0 - 7) + -37 + -29 + 51?
-22
Evaluate 36 + -32 + (1 - 0).
5
-15 + (-14 + 21 - -8 - 4)
-4
What is the value of 8 - (-4 - (-26 - (3 + -5)))?
-12
What is the value of (51 - 21) + (-28 - -1)?
3
Evaluate -9 + (-69 - -62 - (-28 - -1)).
11
What is 1 + -10 + -48 + 32?
-25
Evaluate (-6 - (-1 + -9)) + 2 - -1.
7
Evaluate 14 + 3 + -62 + 5 + (2 - -2).
-36
Calculate -1 + 3 + -7 + -11 + 11.
-5
What is the value of 23 + -21 + (-2 - 7)?
-7
Calculate 573 + -595 - ((0 - (0 - -6)) + 1).
-17
Evaluate -35 + 16 - (2 - (17 + (-3 - 1))).
-8
20 + -11 + -5 + (-6 - 0)
-2
What is the value of (-4 + -5 - -10) + (3 - -25)?
29
(-1 + -16 - 1) + -21 + 44 + -11
-6
What is (2 - (2 - 2)) + -7 - (-29 - -15)?
9
-373 + 380 + (-1 - (-1 + -8))
15
What is -866 + 855 - ((3 - 0) + 17)?
-31
What is the value of 3 + -2 + -8 - (48 + -48)?
-7
(-4 - 14) + 3 + -132 + 154
7
What is -10 - (0 + (-29 - -8))?
11
Evaluate (-7 - (-12 - 0)) + 2 + 0.
7
Calculate 9 + (100 + -93 - (6 - -1)).
9
What is (0 + 1 - (-17 + -2)) + -73 + 73?
20
What is the value of 14 + (19 - 16 - 20) - (-17 - 2)?
16
Evaluate 0 + -26 - (848 - 886).
12
Calculate 9 - (1 - (8 + -1) - (0 - 7)).
8
What is -26 + (4 - -20 - 6)?
-8
(16 - 21) + 64 + -65
-6
What is 41 + (4 - 18) - (2 + 8)?
17
What is the value of (-1 - -12) + 81 + -87?
5
What is the value of -6 + -3 - ((1 - 17) + 8)?
-1
What is -17 + 7 + -3 + (6 - 2)?
-9
-2 + 1 + -4 + (-73 - -18) + 38
-22
Evaluate 3 + (-2 - (9 + -3 - 0 - 3)).
-2
What is (-34 + 26 - -24) + -7?
9
What is -1 + 7 + (-4 - -4) + -3 - 8?
-5
What is -6 - 8 - (5 + -17)?
-2
-4 - -1 - (2 - 0 - (25 - 19))
1
Evaluate 12 + -3 + -2 - (-3 + 0) - 1.
9
What is the value of (-2 - -39) + 0 - (-38 - (-90 - -52))?
37
Evaluate 8 - (-8 + (4 - 1) + 28 + 4).
-19
9 + (-25 - -12) + (-1 - -2) + -8
-11
-36 - 7 - (-95 - -62)
-10
What is 11 - (59 + -7 + -7)?
-34
Evaluate (2 - 0 - (3 - 0)) + (-4 - 4).
-9
What is the value of 14 + -5 + -2 + 12 + (-8 - 0)?
11
What is -10 + 30 - (125 + -94)?
-11
What is the value of (-2 - (6 - -20)) + 20 + (10 - 1)?
1
What is the value of -1 + (6 - 3) + 0 - (-1 + 18)?
-15
What is the value of -25 - (-22 - (9 + -22))?
-16
Calculate (-7 - (14 - -9)) + 3.
-27
0 + -1 - (-4 - -7) - (3 - 9)
2
What is 19 - (-15 + -12 + 26)?
20
Calculate (-18 - (2 + -8 - 1)) + (1 - -2).
-8
7 + 22 + (-12 - -2) + (74 - 67)
26
Calculate -44 + 69 + (6 - 3 - 1).
27
0 + 0 + 63 + -52
11
Evaluate -1 + (-10 + 7 - -7) + 3 - 12.
-6
What is the value of (-111 - -88) + -2 + 17?
-8
(648 - 622) + (-6 - (2 - 0))
18
Calculate 22 + -1 + 11 + -3 + (-6 - -1).
24
7 - (398 - 387 - (0 - 0))
-4
Calculate -2 - -16 - (28 - 13).
-1
Evaluate -4 - (6 + -8 + (6 - (3 - 4))).
-9
Evaluate (-3 - (32 - 28)) + (-2 - -2).
-7
(0 - (31 + 1)) + -1 - (50573 - 50577)
-29
What is the value of 34 + -7 - 29 - -1?
-1
-20 + (-1 - (20 - 37))
-4
What is the value of 0 - (-1 + -10 + 1) - -17?
27
Evaluate 0 - (-34 - -11 - -32).
-9
Calculate (-31 + 16 - 15) + 1 + 14.
-15
Calculate 34 - (-6 + -9 + 29).
20
4 + (4 - (4 + (8 + -6 - 14)))
16
-5 + (10 - (-2 + 8)) + 2
1
What is 2 + (-1 - 4) + 11 + -10?
-2
Evaluate -1 - (5 - 2 - 0) - (-9 - -2).
3
What is 23 + 9 + -13 + (0 - (1 - -4))?
14
What is 19 - ((8 - 27) + 37)?
1
What is -8 + (7 - (13 - 3))?
-11
What is the value of (-10 - (-1 - -7 - 11) - 3) + -14?
-22
What is the value of -1 + -8 - (-1 + -1)?
-7
Evaluate (0 + 7 + -40 - -10) + (4 - -1).
-18
Evaluate 10 + -16 + 7 + (-1 + 2 - -3).
5
Evaluate -35 + -3 - (5 - 12) - -11.
-20
-2 - (2 + 1 + (0 - -1)) - -12
6
What is (0 + 1 + 10 - -7) + -7?
11
Evaluate 8 + -16 - -5 - (-2 + 0).
-1
What is the value of (14 - (-2 + 4)) + -116 + 119?
15
Calculate -2 - (-60 + 48 + (-3 - -28)).
-15
169 - 188 - (2 + -22)
1
What is the value of -271 + 256 - (-4 + -6)?
-5
Calculate (-12 - -5) + 10 - 25.
-22
Evaluate -26 + 1 + 63 + -21.
17
Calculate -2 - (1 + 13 + -2 - (-9 - -11)).
-12
(3 + 1 + -6 - 2) + (33 - 13)
16
What is the value of -4 + 3 - (29 - (25 - 7))?
-12
Evaluate -15 + 19 + (-3 - 0) + 6.
7
Calculate 11 + (-3 - -30) + -29 + 20.
29
What is the value of -18 + 14 - -5 - -12?
13
What is the value of -3 + (-24 - (-28 + -25))?
26
Evaluate 333 + -333 + (1 - -31).
32
Evaluate -10 - -3 - 4 - 0.
-11
What is -3 + (0 - 2) + -117 + 143?
21
Evaluate (-11 - 7 - -20) + (-11 - (0 - 2)).
-7
What is -2 + (6 - -3) + (-17 - -14)?
4
What is the value of -275 + 258 - (-30 - -2)?
11
What is 10 + -10 + -21 + 6?
-15
Calculate 4 + (-13 - 6 - -6).
-9
Evaluate -8 + (-4 - (-11 - -6) - -6) - 4.
-5
What is 411 + -415 - (1 + 10)?
-15
Evaluate (5 - 11 - 4) + (-64 - -53).
-21
What is -377 + 361 + 0 + 7?
-9
What is -5 + 18 + 0 - -13 - 8?
18
-186 - -185 - (-16 + 2)
13
Calculate 20 + -3 + -21 + (-2 - -28).
22
36 + (-12 - 9) + -23
-8
What is the value of ((17 - 51) + 18 - -15) + (1 - 12)?
-12
0 + -34 - (787 + -791)
-30
What is -13 + 4 + -21 - (-3 + -8)?
-19
Calculate 8 - (-3 + (-3 - -3 - 4 - -21)).
-6
What is 19 - (67 - (21 + (-23 - -15)))?
-35
4 + 0 - ((1 - 4) + -3 + 1)
9
Evaluate (33 - 33 - -2) + -3.
-1
Calculate 105 - 107 - (0 - -6).
-8
Calculate 8 + 34 + -38 + 9 + -1.
12
What is the value of 38 + 11 + (31 - 75)?
5
6 - ((3 - 15) + (4 - -6 - 4))
12
(1 - 2) + -4 - (-42 -